/(-3) - 2*-1. Let j = b - x. List the prime factors of j.
79
Suppose 4*t + 5*f - 1095 = 0, -5*t = -0*t - 3*f - 1378. Suppose -c + 5*i = 132 - 21, 0 = 5*c + 2*i + 447. Let y = c + t. What are the prime factors of y?
2, 23
Suppose -4*i - t = -3798, -2*i + 956 = -i - 3*t. Suppose 506 + i = 7*z. List the prime factors of z.
2, 13
Suppose -3*m - 3*h + 5 = -5*m, 0 = -4*m - 6*h - 46. Let k(p) = -277*p - 275. What are the prime factors of k(m)?
2, 13
Suppose i + h = 2, 0 = 2*i + i - 2*h - 6. Suppose -633 = i*k - 4*n + 593, 4*n = -20. Let r = k - -874. List the prime factors of r.
251
Suppose 24*i + 59*i - 12222 = -43*i. Suppose -x = -3*x - 168. Let f = i + x. List the prime factors of f.
13
Let k be -2*((-2)/(-8))/(2/(-268)). Let x = -64 + k. Suppose 4*p + x*j - 135 = 0, 4*j - 50 = p - 2*p. List the prime factors of p.
2, 3, 5
Let d be (6 + (-7 - 0))/1. Let i = -17 - -19. What are the prime factors of (i/(-3))/(4/(-762)) - d?
2
What are the prime factors of 2/(-7) + 7952945/1715?
4637
Let h = 3848 + 1682. What are the prime factors of h?
2, 5, 7, 79
List the prime factors of 85/(1870/761684)*6/7.
2, 3, 2473
Let w be (38 - 5) + (-10)/(-5). Let n be (-50)/4*(-7)/(w/192). Suppose n = 2*y + l, -y - 1170 = -6*y + 5*l. List the prime factors of y.
2, 7, 17
Let b(q) = 3115*q - 625. List the prime factors of b(4).
3, 5, 263
Let k(m) = 4 + 29*m**2 - 13*m**2 - 36 - 15*m**2 - 12*m. List the prime factors of k(-12).
2
Let g(c) = -39*c**3 - 2*c - 1. Let u(x) = -x**2 + 6*x - 10. Let h be u(3). Let f be g(h). What are the prime factors of ((-3)/5)/((-12)/f)?
2
Suppose -24*v = -8*v - 92224. What are the prime factors of v?
2, 11, 131
Suppose 0 = -5*c + 4*z + 10 + 4, -2*c - 8 = -5*z. Let m(f) = 2*f**2 - 13*f + 15. Let b be m(c). Suppose -v - 7 = -b. What are the prime factors of v?
2
Let j = -16242 - -40129. List the prime factors of j.
23887
Suppose -24 = -m - 19. Suppose 7116 = m*h - h. What are the prime factors of 51/68 + (h/(-4))/(-3)?
149
List the prime factors of 6/2*(727 + 15 + -29).
3, 23, 31
Let a(y) be the third derivative of -y**6/40 + y**5/60 + y**4/6 - y**3 + 3*y**2 - 27*y. Let n(t) = t + 4. Let d be n(-8). What are the prime factors of a(d)?
2, 3, 31
Suppose -85 = -5*f + 5*d, -5*f = 3*d - 39 - 22. Suppose 6566 = -f*r + 16520. List the prime factors of r.
3, 79
Suppose -7*x = 3*x + x. Suppose -i + 5*u + 365 = -x*u, -2*i + 742 = 2*u. List the prime factors of i.
2, 5, 37
Let y(w) = 569*w**3 - 8*w**2 - 13*w + 51. What are the prime factors of y(3)?
3, 5101
Let t be -78*(-3 - 6*20/18). Let h = -182 + t. List the prime factors of h.
2, 11, 13
Let n = 13748 + 11976. What are the prime factors of n?
2, 59, 109
Let x(b) = 3*b**2 + 30. Let h(t) = 2*t**2 + 6*t - 20. Let q be h(-5). What are the prime factors of x(q)?
2, 3, 5
Let r(b) = 1695*b**2 - 28*b + 1. What are the prime factors of r(-2)?
3, 43, 53
Let l = -81252 - -119274. What are the prime factors of l?
2, 3, 6337
Let v(n) = -n**3 + 6*n**2 + n + 2. Let j be v(6). Let x(z) be the third derivative of 5*z**4/12 - 4*z**3 + 162*z**2. What are the prime factors of x(j)?
2, 7
Suppose -5*b + 5*u + 3125 - 965 = 0, 2154 = 5*b - 2*u. Suppose -8*g + 6*g + 178 = -5*w, -5*g + 5*w + b = 0. List the prime factors of g.
2, 3, 7
Let v = -92 + 96. Suppose a - 115 = -v*i, 2*a = -i + 6*a + 33. What are the prime factors of i?
29
Let s = -363 - -737. Let l = 288 + s. List the prime factors of l.
2, 331
Suppose -2*z + d + 94053 = 0, 69*d = 3*z + 68*d - 141084. What are the prime factors of z?
3, 61, 257
Let n(j) = 7*j + 22. Let g(x) = 16*x + 44. Let w(m) = -6*g(m) + 11*n(m). List the prime factors of w(-7).
3, 37
Let l(p) = -19*p**2 - 3*p + 7. Let t be l(2). Let d = t - -590. List the prime factors of d.
5, 103
Let u(l) = -l**3 + 7*l**2 - 12*l + 70. Let b be (-5)/(-20) - (-105)/28. List the prime factors of u(b).
2, 5, 7
Let o be (5 - (6 + -16)) + -1. What are the prime factors of 28/6*1152/o?
2, 3
Let f(l) = -l**3 - 10*l**2 + 9*l + 14. Let v be f(-11). Suppose -2*u = v - 168. List the prime factors of u.
2, 3, 11
Suppose -5*m - 67230 = -11*i + 7*i, -5*i + m + 84048 = 0. List the prime factors of i.
2, 5, 41
Suppose -128*p + 2*z + 12068 = -124*p, -2*p - 3*z = -6042. List the prime factors of p.
2, 3, 503
Suppose 0 = -26*y + 202716 + 167784. What are the prime factors of y?
2, 3, 5, 19
Suppose 3*t + 17*t - 2980 = 0. Suppose 0 = -156*q + t*q + 707. What are the prime factors of q?
101
Let i be (-2)/11 - (-42154)/11. Suppose -i = -15*q - 742. What are the prime factors of q?
2, 103
Let i = -35331 - -59326. List the prime factors of i.
5, 4799
Suppose 5*c + 5*k + 0*k - 5 = 0, 3*c - 43 = 5*k. Suppose c*d - 8*d - 322 = 0. List the prime factors of (-3)/7 - 1840/d.
11
Let x(q) = -18*q - 310. Let k be x(-29). Let z = 18 - 13. Suppose -z*j = -j - k. List the prime factors of j.
53
Let a(g) be the second derivative of 0*g**2 + 46*g + 0 + 3/2*g**3 - 3/20*g**5 + 1/4*g**4. What are the prime factors of a(-4)?
2, 3, 17
Let z(x) = 12440*x - 77. What are the prime factors of z(1)?
3, 13, 317
Let p = 20044 + -2834. List the prime factors of p.
2, 5, 1721
Suppose -15*d + 2031 = -16734. Suppose 0 = -7*y + d + 1948. List the prime factors of y.
457
Let u be (-11 - -4) + (-77)/(-7). Suppose 2*h - 1296 = -u*k, 4*k = -15*h + 11*h + 2604. List the prime factors of h.
2, 3, 109
What are the prime factors of (((-15)/(-90))/(19/(-223516)))/((-1)/30)?
2, 5, 17, 173
Suppose h + 68*u = 64*u + 8924, -4*h + 35774 = 3*u. List the prime factors of h.
2, 2237
Let x = 17 + -13. Suppose -2*u = x*j - 98, 0 = -j + 2*u + 4 + 23. What are the prime factors of j + (0 - -2)/2?
2, 13
Let g(o) = 25*o + 786. Let k be g(-31). Let l(b) = 89*b + 1. Let s be l(-1). Let t = k - s. List the prime factors of t.
3, 11
Suppose 4*o - 26296 = -4*a, 4*a + 2*o - 9039 = 17255. List the prime factors of a.
3, 7, 313
Suppose -51 = -3*x - 0*x - 4*i, 4*x - 78 = -2*i. Let r = 25 - x. Suppose -r*k + 344 = -v, -k + 3*v - 18 = -115. What are the prime factors of k?
5, 17
What are the prime factors of ((-320)/(-2))/16 + 50064?
2, 25037
Let g(l) = -1664*l + 1457. List the prime factors of g(-10).
18097
Suppose -5*j + 4287 = -2558. Suppose 3*o - 543 - 16 = -2*r, -2*o - j = -5*r. Suppose -4*t - 2*l + 220 = 0, -l - r = -5*t + l. What are the prime factors of t?
5, 11
Let g be (-415)/7 + 2/7. Let b = 3 - g. What are the prime factors of b?
2, 31
Let r be ((-268)/3)/((-1)/6). Suppose -267 = -2*f + d, d - r = -4*f + 5*d. What are the prime factors of f?
7, 19
Let a be 235004/(-644) + 2/(-23). Let h = -329 - a. List the prime factors of h.
2, 3
Let s(n) be the first derivative of 20*n**2 - 30*n - 42. List the prime factors of s(7).
2, 5
Suppose 3*u - 8*u + 20 = 0. Suppose -u*m + 1196 = 2*h, 0 = -5*h + 3 + 7. What are the prime factors of m?
2, 149
Let d = 145 - 117. Suppose s + d - 424 = 0. What are the prime factors of s?
2, 3, 11
Let s = 381 - 339. Let k(m) = 9*m + 35. What are the prime factors of k(s)?
7, 59
List the prime factors of (7517/(-4))/(-1) - (-21)/12.
3, 11, 19
Let i = -29 - -76. Let n(s) = -7 - 6 - 6*s + 9 - i*s. List the prime factors of n(-2).
2, 3, 17
Suppose 4*z = -2*t - 43 - 127, -149 = 4*z - 5*t. Let u = 29 + z. What are the prime factors of (-737)/(-3) + (20/u - -1)?
5, 7
Let x(w) = 118*w**2 + 13*w - 22. Let f be x(2). Let l = 695 - f. What are the prime factors of l?
3, 73
Suppose -36 = -3*b - 15. Suppose m - b*m = -7068. What are the prime factors of m?
2, 19, 31
Suppose 0 = 6*s + 627 + 1569. Suppose -f + 2*f + 228 = 0. Let n = f - s. What are the prime factors of n?
2, 3, 23
Suppose -33*m + 15 = -28*m. Let u be m - 1*(-6 - -4). Suppose -4*c + 2*t + 208 = 0, -u*c - 2*t = 68 - 337. What are the prime factors of c?
53
Let m(k) = 270*k - 553. Let p be m(3). Suppose -3*i + 3*d = -7*i + 809, 4*d + 20 = 0. Suppose b - q = 116, 4*b - 3*q - p = i. What are the prime factors of b?
5, 23
Let s be ((-18)/6 + 1545)*(-6)/(-9). What are the prime factors of (-7 - -10) + s - 2?
3, 7
Let w = 13 + -9. Suppose n + 3*n + 1260 = 2*g, 0 = w*g. List the prime factors of 9/6 + n/(-14).
2, 3
Suppose -30*m - 14*m + 103559 = -15*m. What are the prime factors of m?
3571
Let t be (-63)/6*(-680)/(-15). Let x = 19 - t. List the prime factors of x.
3, 5, 11
Suppose -154 = 5*q + 4*v + 226, 3*v + 225 = -3*